e remainder when 79177 is divided by 3740.
637
What is the remainder when 364590430 is divided by 144?
142
What is the remainder when 266243 is divided by 937?
135
Calculate the remainder when 1083214 is divided by 812.
6
Calculate the remainder when 553069 is divided by 276511.
47
What is the remainder when 774647 is divided by 947?
1
What is the remainder when 518934 is divided by 762?
12
What is the remainder when 25797 is divided by 545?
182
Calculate the remainder when 762290 is divided by 18592.
18
Calculate the remainder when 353562797 is divided by 176781398.
1
What is the remainder when 7295440 is divided by 77?
75
What is the remainder when 3676994 is divided by 408554?
8
Calculate the remainder when 8606541 is divided by 1229504.
13
Calculate the remainder when 526091 is divided by 12524.
83
What is the remainder when 3739297 is divided by 167?
0
What is the remainder when 177414 is divided by 536?
534
Calculate the remainder when 3334718 is divided by 3334694.
24
What is the remainder when 556905 is divided by 24?
9
Calculate the remainder when 1172730471 is divided by 466.
463
Calculate the remainder when 3599494 is divided by 444.
430
Calculate the remainder when 335189 is divided by 372.
17
What is the remainder when 894860 is divided by 356?
232
What is the remainder when 404280148 is divided by 1030?
1028
What is the remainder when 3155736 is divided by 18563?
26
Calculate the remainder when 31396385 is divided by 2086.
2085
Calculate the remainder when 1393318652 is divided by 46.
42
What is the remainder when 149458 is divided by 2620?
118
What is the remainder when 94725 is divided by 23669?
49
Calculate the remainder when 230842 is divided by 11535.
142
Calculate the remainder when 172599 is divided by 3319.
11
What is the remainder when 12247589 is divided by 190?
189
Calculate the remainder when 1472432 is divided by 368063.
180
What is the remainder when 1880080 is divided by 568?
0
Calculate the remainder when 602748 is divided by 459.
81
What is the remainder when 461854 is divided by 3554?
3388
What is the remainder when 138445 is divided by 2428?
49
What is the remainder when 154710 is divided by 2813?
2808
Calculate the remainder when 1519638 is divided by 71.
25
What is the remainder when 13665693 is divided by 4555135?
288
What is the remainder when 51567 is divided by 25711?
145
What is the remainder when 3830003 is divided by 5209?
1388
Calculate the remainder when 43153050 is divided by 50.
0
What is the remainder when 336807 is divided by 644?
639
Calculate the remainder when 38312 is divided by 4918.
3886
Calculate the remainder when 81779 is divided by 3489.
1532
What is the remainder when 4058811 is divided by 10198?
7
What is the remainder when 67951580 is divided by 22650512?
44
What is the remainder when 429816 is divided by 268?
212
Calculate the remainder when 31207 is divided by 182.
85
Calculate the remainder when 41485 is divided by 3447.
121
Calculate the remainder when 92034641 is divided by 46017312.
17
What is the remainder when 2838261 is divided by 202731?
27
What is the remainder when 57253731 is divided by 467?
465
Calculate the remainder when 138206 is divided by 134485.
3721
Calculate the remainder when 11362497 is divided by 167.
151
Calculate the remainder when 5388417 is divided by 393.
387
What is the remainder when 69415209 is divided by 695?
694
Calculate the remainder when 25907869 is divided by 262.
261
What is the remainder when 490694 is divided by 1180?
994
Calculate the remainder when 89075419 is divided by 1030.
1019
What is the remainder when 181169 is divided by 394?
323
What is the remainder when 804470 is divided by 478?
474
What is the remainder when 877721 is divided by 52?
13
What is the remainder when 3700378 is divided by 269?
14
What is the remainder when 47862872 is divided by 112884?
56
What is the remainder when 17551924 is divided by 32?
20
Calculate the remainder when 72633414 is divided by 2431.
2427
Calculate the remainder when 50094 is divided by 761.
629
What is the remainder when 1174350 is divided by 2639?
2634
What is the remainder when 140731 is divided by 28124?
111
Calculate the remainder when 344311577 is divided by 774.
773
What is the remainder when 160550 is divided by 132?
38
Calculate the remainder when 277573 is divided by 1157.
1050
Calculate the remainder when 125655854 is divided by 5013.
5009
What is the remainder when 105202 is divided by 52325?
552
What is the remainder when 54117 is divided by 12779?
3001
What is the remainder when 32866072 is divided by 11?
8
Calculate the remainder when 566240 is divided by 3963.
3494
Calculate the remainder when 76276288 is divided by 12591.
10
Calculate the remainder when 1506755359 is divided by 134.
131
What is the remainder when 84226 is divided by 83802?
424
What is the remainder when 111523326 is divided by 209237?
5
Calculate the remainder when 1780285 is divided by 22824.
13
What is the remainder when 436805 is divided by 10389?
467
Calculate the remainder when 226185 is divided by 4349.
37
Calculate the remainder when 370159 is divided by 11.
9
Calculate the remainder when 867538 is divided by 2277.
1
What is the remainder when 1808023 is divided by 320?
23
What is the remainder when 31746730 is divided by 15873346?
38
What is the remainder when 1306482 is divided by 653200?
82
What is the remainder when 699659 is divided by 349646?
367
What is the remainder when 23898706 is divided by 110?
106
Calculate the remainder when 144323762 is divided by 52.
50
What is the remainder when 1287884 is divided by 321964?
28
What is the remainder when 157049 is divided by 3197?
396
What is the remainder when 499365 is divided by 873?
9
What is the remainder when 1245053 is divided by 675?
353
What is the remainder when 853354 is divided by 142224?
10
What is the remainder when 117257582 is divided by 259?
253
Calculate the remainder when 35277393 is divided by 22.
19
Calculate the remainder when 1448981 is divided by 159.
14
What is the remainder when 83612 is divided by 4661?
4375
Calculate the remainder when 2063584 is divided by 2063561.
23
What is the remainder when 33133849 is divided by 861?
847
What is the remainder when 104430188 is divided by 34810028?
104
Calculate the remainder when 1041800 is divided by 96.
8
Calculate the remainder when 3734703 is divided by 94.
83
What is the remainder when 582581 is divided by 97079?
107
What is the remainder when 7372058 is divided by 344?
138
Calculate the remainder when 227040 is divided by 225040.
2000
What is the remainder when 33982 is divided by 8257?
954
Calculate the remainder when 137407 is divided by 103.
5
What is the remainder when 597499 is divided by 7066?
3955
Calculate the remainder when 1914980 is divided by 921.
221
What is the remainder when 58934542 is divided by 1403203?
16
What is the remainder when 4932592 is divided by 13084?
13008
What is the remainder when 4961226 is divided by 1240302?
18
What is the remainder when 52520073 is divided by 486?
483
What is the remainder when 1975425 is divided by 59?
46
What is the remainder when 692698 is divided by 6098?
3624
What is the remainder when 393242 is divided by 186?
38
What is the remainder when 451542 is divided by 349?
285
What is the remainder when 2355395 is divided by 764?
747
What is the remainder when 12697261 is divided by 3598?
3517
What is the remainder when 5208113 is divided by 128?
49
Calculate the remainder when 1266850593 is divided by 1947.
1944
What is the remainder when 92642997 is divided by 50?
47
Calculate the remainder when 3509544 is divided by 1053.
948
What is the remainder when 736438 is divided by 491?
429
Calculate the remainder when 26122785 is divided by 825.
810
What is the remainder when 4275068 is divided by 82?
80
Calculate the remainder when 132522 is divided by 337.
81
What is the remainder when 1166566 is divided by 583270?
26
Calculate the remainder when 243055 is divided by 6940.
155
Calculate the remainder when 32373 is divided by 8013.
321
What is the remainder when 3042133 is divided by 1151?
40
What is the remainder when 429480 is divided by 5810?
5350
Calculate the remainder when 5196382 is divided by 782.
774
What is the remainder when